{"id":12869,"date":"2021-10-25T20:06:06","date_gmt":"2021-10-25T20:06:06","guid":{"rendered":"http:\/\/praxis-krippendorf.de\/?page_id=12869"},"modified":"2025-09-09T09:22:54","modified_gmt":"2025-09-09T09:22:54","slug":"geburtsraum-kraftvoll-und-zentriert-in-die-geburt-kurs","status":"publish","type":"page","link":"https:\/\/praxis-krippendorf.de\/?page_id=12869","title":{"rendered":"GeburtsRaum &#8211; kraftvoll und zentriert in die Geburt (Kurs)"},"content":{"rendered":"<div class=\"fusion-fullwidth fullwidth-box fusion-fullwidth-1  fusion-parallax-none hundred-percent-fullwidth\" style=\"border-color:#eae9e9;border-bottom-width: 0px;border-top-width: 0px;border-bottom-style: solid;border-top-style: solid;padding-bottom:0px;padding-top:180px;padding-left:px;padding-right:0px;background-position:center bottom;background-repeat:no-repeat;-webkit-background-size:cover;-moz-background-size:cover;-o-background-size:cover;background-size:cover;-ms-filter: &quot;progid:DXImageTransform.Microsoft.AlphaImageLoader(src=&#039;https:\/\/praxis-krippendorf.de\/wp-content\/uploads\/2018\/12\/AdobeStock_241645780-geburtsraum-neu-3-2-1024x640.jpeg&#039;, sizingMethod=&#039;scale&#039;)&quot;;background-image: url(https:\/\/praxis-krippendorf.de\/wp-content\/uploads\/2018\/12\/AdobeStock_241645780-geburtsraum-neu-3-2-1024x640.jpeg);\"><style type=\"text\/css\" scoped=\"scoped\">.fusion-fullwidth-1 {\n                            padding-left: px !important;\n                            padding-right: 0px !important;\n                        }<\/style><div class=\"fusion-row\"><div class=\"fusion-one-full fusion-layout-column fusion-column-last fusion-spacing-no\" style=\"margin-top:0px;margin-bottom:0px;\"><div class=\"fusion-column-wrapper\"><div style=\"background: #dbdbdb; padding: 10px 120px; opacity: 0.6;\">\n<h2>GeburtsRaum &#8211; kraftvoll und zentriert in die Geburt<\/h2>\n<\/div>\n<div class=\"fusion-clearfix\"><\/div><\/div><\/div><div class=\"fusion-clearfix\"><\/div><\/div><\/div><div class=\"fusion-fullwidth fullwidth-box fusion-fullwidth-2  fusion-parallax-none hundred-percent-fullwidth\" style=\"border-color:#eae9e9;border-bottom-width: 0px;border-top-width: 0px;border-bottom-style: solid;border-top-style: solid;padding-bottom:0px;padding-top:3px;padding-left:0px;padding-right:0px;background-color:#dc7a7a;\"><style type=\"text\/css\" scoped=\"scoped\">.fusion-fullwidth-2 {\n                            padding-left: 0px !important;\n                            padding-right: 0px !important;\n                        }<\/style><div class=\"fusion-row\"><\/div><\/div><div class=\"fusion-fullwidth fullwidth-box fusion-fullwidth-3  fusion-parallax-none hundred-percent-fullwidth fusion-nonzero-padding\" style=\"border-color:#eae9e9;border-bottom-width: 0px;border-top-width: 0px;border-bottom-style: solid;border-top-style: solid;padding-bottom:60px;padding-top:60px;padding-left:120px;padding-right:px;\"><style type=\"text\/css\" scoped=\"scoped\">.fusion-fullwidth-3 {\n                            padding-left: 120px !important;\n                            padding-right: px !important;\n                        }<\/style><div class=\"fusion-row\"><div class=\"fusion-one-full fusion-layout-column fusion-column-last fusion-spacing-no\" style=\"margin-top:0px;margin-bottom:0px;\"><div class=\"fusion-column-wrapper\" style=\"padding:0px 40px;\"><p style=\"color: #404040; font-size: 40px; line-height: 44px; font-family: 'Open Sans Condensed', sans-serif; font-weight: 300;\">Tageskurs in der Hebammenpraxis RundUm<\/p>\n<div class=\"fusion-clearfix\"><\/div><\/div><\/div><div class=\"fusion-clearfix\"><\/div><div class=\"fusion-three-fifth fusion-layout-column fusion-spacing-no\" style=\"margin-top:0px;margin-bottom:0px;\"><div class=\"fusion-column-wrapper\" style=\"padding:0px 40px;\"><p>Dieser eint\u00e4gige Kurs erm\u00f6glicht dir eine tiefergehende Vorbereitung auf deine bevorstehende Geburt.<\/p>\n<p>\u201eUnsere Zeit versucht \u00fcber Kontrolle zu ersetzen, dass wir nicht mehr in Kontakt sind mit dieser innewohnenden Weisheit unseres K\u00f6rpers.\u201c<\/p>\n<p>In einer \u00fcberschaubaren Gruppe von Schwangeren bekommst du Raum, um deine individuellen Bed\u00fcrfnisse f\u00fcr die Geburt zu erforschen und um dich verbundener mit dir selbst f\u00fcr die Geburt zu \u00f6ffnen. Wir \u00fcben uns in der K\u00f6rperwahrnehmung, nutzen Zentrierungen und Visualisierungen, um so Zust\u00e4nde von Sicherheit und Wohlbefinden im K\u00f6rper zu verankern.<\/p>\n<p>\u201eUnser K\u00f6rper wei\u00df seit Millionen Jahren zu geb\u00e4ren, aber unser Kopf wei\u00df es nicht. Und er wird diese Komplexit\u00e4t und Intelligenz des K\u00f6rpers niemals erfassen k\u00f6nnen.\u201c<\/p>\n<p>Im Kurs lernst du sehr fein deinen eigenen K\u00f6rper zu verstehen, ihm f\u00fcr die Geburt Raum zu geben, so dass du dich unter der Geburt von ihm f\u00fchren lassen kannst.<\/p>\n<p>Als Erstgeb\u00e4rende greifst du direkt in deine innere Stabilit\u00e4t, aus der heraus du dich sicherer in der Geburt hingeben kannst. Wenn du bereits eine oder mehrere Geburten erfahren hast, unterst\u00fctzt dich der Kurs darin, unangenehme Erlebnisse so zu integrieren, dass sie dir f\u00fcr die neue Geburt nicht mehr im Wege stehen. Zudem wirst du dir deiner kraftvollen Erfahrungen bewusst, was dich in ein gr\u00f6\u00dferes Vertrauen hineinf\u00fchrt.<\/p>\n<p>Du \u00fcbst dich darin, dass Unsicherheiten, \u00c4ngste oder negative Vorstellungen dich nicht aus der Verbindung mit dir selbst herausbringen. Dies erm\u00f6glicht dir, w\u00e4hrend der Geburt trotz Irritationen und St\u00f6rungen von au\u00dfen in Kontakt mit dir zu bleiben. Ganz in der Wahrnehmung deiner Bed\u00fcrfnisse, um so den nat\u00fcrlichen Fluss der Geburt nicht zu unterbrechen.<\/p>\n<div class=\"fusion-clearfix\"><\/div><\/div><\/div><div class=\"fusion-two-fifth fusion-layout-column fusion-column-last fusion-spacing-no\" style=\"margin-top:0px;margin-bottom:0px;\"><div class=\"fusion-column-wrapper\" style=\"padding:0px 80px;\"><p style=\"font-size: 16px;\">Termine:<\/p>\n<ul>\n<li>samstags, 9.30-16.00 Uhr:<\/li>\n<li>06.12.2025<\/li>\n<\/ul>\n<p style=\"font-size: 16px;\">Anmeldung:<\/p>\n<ul>\n<li>Online unter <a href=\"https:\/\/praxisrundum.hebamio.de\/kursliste\/11\" target=\"_blank\" rel=\"noopener\"><u>Hebammenpraxis RundUm<\/u><\/a><\/li>\n<\/ul>\n<p style=\"font-size: 16px;\">Kosten:<\/p>\n<ul>\n<li>160,00 Euro<\/li>\n<li>inkl. Audio-Aufzeichnungen zur Vertiefung f\u00fcr zu Hause, inkl. Snacks und Getr\u00e4nke<\/li>\n<\/ul>\n<div class=\"fusion-clearfix\"><\/div><\/div><\/div><div class=\"fusion-clearfix\"><\/div><\/div><\/div>\n","protected":false},"excerpt":{"rendered":"","protected":false},"author":1,"featured_media":0,"parent":0,"menu_order":0,"comment_status":"closed","ping_status":"closed","template":"100-width.php","meta":[],"_links":{"self":[{"href":"https:\/\/praxis-krippendorf.de\/index.php?rest_route=\/wp\/v2\/pages\/12869"}],"collection":[{"href":"https:\/\/praxis-krippendorf.de\/index.php?rest_route=\/wp\/v2\/pages"}],"about":[{"href":"https:\/\/praxis-krippendorf.de\/index.php?rest_route=\/wp\/v2\/types\/page"}],"author":[{"embeddable":true,"href":"https:\/\/praxis-krippendorf.de\/index.php?rest_route=\/wp\/v2\/users\/1"}],"replies":[{"embeddable":true,"href":"https:\/\/praxis-krippendorf.de\/index.php?rest_route=%2Fwp%2Fv2%2Fcomments&post=12869"}],"version-history":[{"count":26,"href":"https:\/\/praxis-krippendorf.de\/index.php?rest_route=\/wp\/v2\/pages\/12869\/revisions"}],"predecessor-version":[{"id":13488,"href":"https:\/\/praxis-krippendorf.de\/index.php?rest_route=\/wp\/v2\/pages\/12869\/revisions\/13488"}],"wp:attachment":[{"href":"https:\/\/praxis-krippendorf.de\/index.php?rest_route=%2Fwp%2Fv2%2Fmedia&parent=12869"}],"curies":[{"name":"wp","href":"https:\/\/api.w.org\/{rel}","templated":true}]}}

<div class="fusion-fullwidth fullwidth-box fusion-fullwidth-1  fusion-parallax-none hundred-percent-fullwidth" style="border-color:#eae9e9;border-bottom-width: 0px;border-top-width: 0px;border-bottom-style: solid;border-top-style: solid;padding-bottom:0px;padding-top:180px;padding-left:px;padding-right:0px;background-position:center bottom;background-repeat:no-repeat;-webkit-background-size:cover;-moz-background-size:cover;-o-background-size:cover;background-size:cover;-ms-filter: &quot;progid:DXImageTransform.Microsoft.AlphaImageLoader(src=&#039;https://praxis-krippendorf.de/wp-content/uploads/2018/12/AdobeStock_241645780-geburtsraum-neu-3-2-1024x640.jpeg&#039;, sizingMethod=&#039;scale&#039;)&quot;;background-image: url(https://praxis-krippendorf.de/wp-content/uploads/2018/12/AdobeStock_241645780-geburtsraum-neu-3-2-1024x640.jpeg);"><style type="text/css" scoped="scoped">.fusion-fullwidth-1 {
                            padding-left: px !important;
                            padding-right: 0px !important;
                        }</style><div class="fusion-row"><div class="fusion-one-full fusion-layout-column fusion-column-last fusion-spacing-no" style="margin-top:0px;margin-bottom:0px;"><div class="fusion-column-wrapper"><div style="background: #dbdbdb; padding: 10px 120px; opacity: 0.6;">
<h2>GeburtsRaum &#8211; kraftvoll und zentriert in die Geburt</h2>
</div>
<div class="fusion-clearfix"></div></div></div><div class="fusion-clearfix"></div></div></div><div class="fusion-fullwidth fullwidth-box fusion-fullwidth-2  fusion-parallax-none hundred-percent-fullwidth" style="border-color:#eae9e9;border-bottom-width: 0px;border-top-width: 0px;border-bottom-style: solid;border-top-style: solid;padding-bottom:0px;padding-top:3px;padding-left:0px;padding-right:0px;background-color:#dc7a7a;"><style type="text/css" scoped="scoped">.fusion-fullwidth-2 {
                            padding-left: 0px !important;
                            padding-right: 0px !important;
                        }</style><div class="fusion-row"></div></div><div class="fusion-fullwidth fullwidth-box fusion-fullwidth-3  fusion-parallax-none hundred-percent-fullwidth fusion-nonzero-padding" style="border-color:#eae9e9;border-bottom-width: 0px;border-top-width: 0px;border-bottom-style: solid;border-top-style: solid;padding-bottom:60px;padding-top:60px;padding-left:120px;padding-right:px;"><style type="text/css" scoped="scoped">.fusion-fullwidth-3 {
                            padding-left: 120px !important;
                            padding-right: px !important;
                        }</style><div class="fusion-row"><div class="fusion-one-full fusion-layout-column fusion-column-last fusion-spacing-no" style="margin-top:0px;margin-bottom:0px;"><div class="fusion-column-wrapper" style="padding:0px 40px;"><p style="color: #404040; font-size: 40px; line-height: 44px; font-family: 'Open Sans Condensed', sans-serif; font-weight: 300;">Tageskurs in der Hebammenpraxis RundUm</p>
<div class="fusion-clearfix"></div></div></div><div class="fusion-clearfix"></div><div class="fusion-three-fifth fusion-layout-column fusion-spacing-no" style="margin-top:0px;margin-bottom:0px;"><div class="fusion-column-wrapper" style="padding:0px 40px;"><p>Dieser eintägige Kurs ermöglicht dir eine tiefergehende Vorbereitung auf deine bevorstehende Geburt.</p>
<p>„Unsere Zeit versucht über Kontrolle zu ersetzen, dass wir nicht mehr in Kontakt sind mit dieser innewohnenden Weisheit unseres Körpers.“</p>
<p>In einer überschaubaren Gruppe von Schwangeren bekommst du Raum, um deine individuellen Bedürfnisse für die Geburt zu erforschen und um dich verbundener mit dir selbst für die Geburt zu öffnen. Wir üben uns in der Körperwahrnehmung, nutzen Zentrierungen und Visualisierungen, um so Zustände von Sicherheit und Wohlbefinden im Körper zu verankern.</p>
<p>„Unser Körper weiß seit Millionen Jahren zu gebären, aber unser Kopf weiß es nicht. Und er wird diese Komplexität und Intelligenz des Körpers niemals erfassen können.“</p>
<p>Im Kurs lernst du sehr fein deinen eigenen Körper zu verstehen, ihm für die Geburt Raum zu geben, so dass du dich unter der Geburt von ihm führen lassen kannst.</p>
<p>Als Erstgebärende greifst du direkt in deine innere Stabilität, aus der heraus du dich sicherer in der Geburt hingeben kannst. Wenn du bereits eine oder mehrere Geburten erfahren hast, unterstützt dich der Kurs darin, unangenehme Erlebnisse so zu integrieren, dass sie dir für die neue Geburt nicht mehr im Wege stehen. Zudem wirst du dir deiner kraftvollen Erfahrungen bewusst, was dich in ein größeres Vertrauen hineinführt.</p>
<p>Du übst dich darin, dass Unsicherheiten, Ängste oder negative Vorstellungen dich nicht aus der Verbindung mit dir selbst herausbringen. Dies ermöglicht dir, während der Geburt trotz Irritationen und Störungen von außen in Kontakt mit dir zu bleiben. Ganz in der Wahrnehmung deiner Bedürfnisse, um so den natürlichen Fluss der Geburt nicht zu unterbrechen.</p>
<div class="fusion-clearfix"></div></div></div><div class="fusion-two-fifth fusion-layout-column fusion-column-last fusion-spacing-no" style="margin-top:0px;margin-bottom:0px;"><div class="fusion-column-wrapper" style="padding:0px 80px;"><p style="font-size: 16px;">Termine:</p>
<ul>
<li>samstags, 9.30-16.00 Uhr:</li>
<li>06.12.2025</li>
</ul>
<p style="font-size: 16px;">Anmeldung:</p>
<ul>
<li>Online unter <a href="https://praxisrundum.hebamio.de/kursliste/11" target="_blank" rel="noopener"><u>Hebammenpraxis RundUm</u></a></li>
</ul>
<p style="font-size: 16px;">Kosten:</p>
<ul>
<li>160,00 Euro</li>
<li>inkl. Audio-Aufzeichnungen zur Vertiefung für zu Hause, inkl. Snacks und Getränke</li>
</ul>
<div class="fusion-clearfix"></div></div></div><div class="fusion-clearfix"></div></div></div>
