{"id":12649,"date":"2019-02-10T21:11:18","date_gmt":"2019-02-10T21:11:18","guid":{"rendered":"http:\/\/praxis-krippendorf.de\/?page_id=12649"},"modified":"2019-02-12T21:56:07","modified_gmt":"2019-02-12T21:56:07","slug":"viszerale-osteopathie","status":"publish","type":"page","link":"https:\/\/praxis-krippendorf.de\/?page_id=12649","title":{"rendered":"Viszerale Osteopathie"},"content":{"rendered":"<div class=\"fusion-fullwidth fullwidth-box fusion-fullwidth-1  fusion-parallax-none hundred-percent-fullwidth\" style=\"border-color:#eae9e9;border-bottom-width: 0px;border-top-width: 0px;border-bottom-style: solid;border-top-style: solid;padding-bottom:0px;padding-top:180px;padding-left:px;padding-right:0px;background-position:center bottom;background-repeat:no-repeat;-webkit-background-size:cover;-moz-background-size:cover;-o-background-size:cover;background-size:cover;-ms-filter: &quot;progid:DXImageTransform.Microsoft.AlphaImageLoader(src=&#039;https:\/\/praxis-krippendorf.de\/wp-content\/uploads\/2019\/02\/AdobeStock_171835187-viszerale-osteopathie-3-1024x504.jpeg&#039;, sizingMethod=&#039;scale&#039;)&quot;;background-image: url(https:\/\/praxis-krippendorf.de\/wp-content\/uploads\/2019\/02\/AdobeStock_171835187-viszerale-osteopathie-3-1024x504.jpeg);\"><style type=\"text\/css\" scoped=\"scoped\">.fusion-fullwidth-1 {\n                            padding-left: px !important;\n                            padding-right: 0px !important;\n                        }<\/style><div class=\"fusion-row\"><div class=\"fusion-one-full fusion-layout-column fusion-column-last fusion-spacing-no\" style=\"margin-top:0px;margin-bottom:0px;\"><div class=\"fusion-column-wrapper\"><div style=\"background: #dbdbdb; padding: 10px 120px; opacity: 0.75;\">\n<h2>Viszerale Osteopathie<\/h2>\n<\/div>\n<div class=\"fusion-clearfix\"><\/div><\/div><\/div><div class=\"fusion-clearfix\"><\/div><\/div><\/div><div class=\"fusion-fullwidth fullwidth-box fusion-fullwidth-2  fusion-parallax-none hundred-percent-fullwidth\" style=\"border-color:#eae9e9;border-bottom-width: 0px;border-top-width: 0px;border-bottom-style: solid;border-top-style: solid;padding-bottom:0px;padding-top:3px;padding-left:0px;padding-right:0px;background-color:#3ec6cb;\"><style type=\"text\/css\" scoped=\"scoped\">.fusion-fullwidth-2 {\n                            padding-left: 0px !important;\n                            padding-right: 0px !important;\n                        }<\/style><div class=\"fusion-row\"><\/div><\/div><div class=\"fusion-fullwidth fullwidth-box fusion-fullwidth-3  fusion-parallax-none nonhundred-percent-fullwidth\" style=\"border-color:#eae9e9;border-bottom-width: 0px;border-top-width: 0px;border-bottom-style: solid;border-top-style: solid;padding-bottom:60px;padding-top:60px;padding-left:0px;padding-right:0px;\"><style type=\"text\/css\" scoped=\"scoped\">.fusion-fullwidth-3 {\n                            padding-left: 0px !important;\n                            padding-right: 0px !important;\n                        }<\/style><div class=\"fusion-row\"><div class=\"fusion-one-full fusion-layout-column fusion-column-last fusion-spacing-no\" style=\"margin-top:0;margin-bottom:0;\"><div class=\"fusion-column-wrapper\" style=\"padding:0px 120px;\"><h3>Grundlagen der viszeralen Osteopathie<\/h3>\n<p>In der viszeralen Osteopathie stehen die Untersuchung und Therapie der Organe des Brust- und Bauchraumes, die Diaphragmen (z.B. Zwerchfell, Beckenboden) und der Nervus Vagus (Hirnnerv des Parasympathikus) im Vordergrund. Ein gesunder Spannungszustand, Beweglichkeit und Funktion dieser Elemente sind Voraussetzung f\u00fcr k\u00f6rperliches und emotionales Wohlbefinden. Der Nervus Vagus hat eine zentrale Bedeutung f\u00fcr die Regulation von Stress. Dar\u00fcber hinaus spielt er eine wichtige Rolle in der sozialen Kommunikation und in einem gesunden Bindungsverhalten.<\/p>\n<h3>Craniosacrale Biodynamik in der viszeralen Osteopathie<\/h3>\n<p>In einer craniosacralen Behandlung kann die Aufmerksamkeit auf die oben genannten viszeralen Bereiche gelenkt werden. Dies erm\u00f6glicht einen tieferen Einblick sowohl in die gewebigen Strukturen des Brust- und Bauchraumes als auch in die embryonale und fr\u00fchkindliche Entwicklungsgeschichte. \u00dcber therapeutische Fertigkeiten und spezifische Ber\u00fchrungen aus der Craniosacral-Therapie k\u00f6nnen gebundene Energien reguliert werden. K\u00f6rperliche Einschr\u00e4nkungen und Blockaden (z.B. Verdauungs-, Atembeschwerden) werden so gel\u00f6st und ein gesundes Stressmanagement und Bindungsverhalten unterst\u00fctzt.<\/p>\n<h3>Im Kontext<\/h3>\n<ul>\n<li>Die viszeralen therapeutischen Ans\u00e4tze finden Anwendung sowohl in der Behandlung von S\u00e4uglingen und Kindern als auch bei Erwachsenen.<\/li>\n<li>In der <a href=\"https:\/\/praxis-krippendorf.de\/?page_id=12318\"><u>k\u00f6rperorientierten Traumal\u00f6sung<\/u><\/a> nimmt die Arbeit mit dem parasympathischen Nervensystem ebenso eine wichtige Stellung ein.<\/li>\n<\/ul>\n<div class=\"fusion-clearfix\"><\/div><\/div><\/div><div class=\"fusion-clearfix\"><\/div><\/div><\/div>\n","protected":false},"excerpt":{"rendered":"","protected":false},"author":1,"featured_media":0,"parent":0,"menu_order":0,"comment_status":"closed","ping_status":"closed","template":"100-width.php","meta":[],"_links":{"self":[{"href":"https:\/\/praxis-krippendorf.de\/index.php?rest_route=\/wp\/v2\/pages\/12649"}],"collection":[{"href":"https:\/\/praxis-krippendorf.de\/index.php?rest_route=\/wp\/v2\/pages"}],"about":[{"href":"https:\/\/praxis-krippendorf.de\/index.php?rest_route=\/wp\/v2\/types\/page"}],"author":[{"embeddable":true,"href":"https:\/\/praxis-krippendorf.de\/index.php?rest_route=\/wp\/v2\/users\/1"}],"replies":[{"embeddable":true,"href":"https:\/\/praxis-krippendorf.de\/index.php?rest_route=%2Fwp%2Fv2%2Fcomments&post=12649"}],"version-history":[{"count":5,"href":"https:\/\/praxis-krippendorf.de\/index.php?rest_route=\/wp\/v2\/pages\/12649\/revisions"}],"predecessor-version":[{"id":12690,"href":"https:\/\/praxis-krippendorf.de\/index.php?rest_route=\/wp\/v2\/pages\/12649\/revisions\/12690"}],"wp:attachment":[{"href":"https:\/\/praxis-krippendorf.de\/index.php?rest_route=%2Fwp%2Fv2%2Fmedia&parent=12649"}],"curies":[{"name":"wp","href":"https:\/\/api.w.org\/{rel}","templated":true}]}}