{"id":12455,"date":"2019-01-08T21:37:57","date_gmt":"2019-01-08T21:37:57","guid":{"rendered":"http:\/\/praxis-krippendorf.de\/?page_id=12455"},"modified":"2026-02-19T05:38:40","modified_gmt":"2026-02-19T05:38:40","slug":"praxisorganisation","status":"publish","type":"page","link":"https:\/\/praxis-krippendorf.de\/?page_id=12455","title":{"rendered":"Praxisorganisation"},"content":{"rendered":"<div class=\"fusion-fullwidth fullwidth-box fusion-fullwidth-1  fusion-parallax-none hundred-percent-fullwidth\" style=\"border-color:#eae9e9;border-bottom-width: 0px;border-top-width: 0px;border-bottom-style: solid;border-top-style: solid;padding-bottom:0px;padding-top:180px;padding-left:px;padding-right:0px;background-position:center bottom;background-repeat:no-repeat;-webkit-background-size:cover;-moz-background-size:cover;-o-background-size:cover;background-size:cover;-ms-filter: &quot;progid:DXImageTransform.Microsoft.AlphaImageLoader(src=&#039;https:\/\/praxis-krippendorf.de\/wp-content\/uploads\/2019\/01\/AdobeStock_82710879-praxisorganisation-1024x641.jpeg&#039;, sizingMethod=&#039;scale&#039;)&quot;;background-image: url(https:\/\/praxis-krippendorf.de\/wp-content\/uploads\/2019\/01\/AdobeStock_82710879-praxisorganisation-1024x641.jpeg);\"><style type=\"text\/css\" scoped=\"scoped\">.fusion-fullwidth-1 {\n                            padding-left: px !important;\n                            padding-right: 0px !important;\n                        }<\/style><div class=\"fusion-row\"><div class=\"fusion-one-full fusion-layout-column fusion-column-last fusion-spacing-no\" style=\"margin-top:0px;margin-bottom:0px;\"><div class=\"fusion-column-wrapper\"><div style=\"background: #dbdbdb; padding: 10px 120px; opacity: 0.75;\">\n<h2>Praxisorganisation<\/h2>\n<\/div>\n<div class=\"fusion-clearfix\"><\/div><\/div><\/div><div class=\"fusion-clearfix\"><\/div><\/div><\/div><div class=\"fusion-fullwidth fullwidth-box fusion-fullwidth-2  fusion-parallax-none hundred-percent-fullwidth\" style=\"border-color:#eae9e9;border-bottom-width: 0px;border-top-width: 0px;border-bottom-style: solid;border-top-style: solid;padding-bottom:0px;padding-top:3px;padding-left:0px;padding-right:0px;background-color:#3ec6cb;\"><style type=\"text\/css\" scoped=\"scoped\">.fusion-fullwidth-2 {\n                            padding-left: 0px !important;\n                            padding-right: 0px !important;\n                        }<\/style><div class=\"fusion-row\"><\/div><\/div><div class=\"fusion-fullwidth fullwidth-box fusion-fullwidth-3  fusion-parallax-none nonhundred-percent-fullwidth\" style=\"border-color:#eae9e9;border-bottom-width: 0px;border-top-width: 0px;border-bottom-style: solid;border-top-style: solid;padding-bottom:60px;padding-top:60px;padding-left:240px 240px;padding-right:0px;\"><style type=\"text\/css\" scoped=\"scoped\">.fusion-fullwidth-3 {\n                            padding-left: 240px 240px !important;\n                            padding-right: 0px !important;\n                        }<\/style><div class=\"fusion-row\"><div class=\"fusion-one-full fusion-layout-column fusion-column-last fusion-spacing-yes\" style=\"margin-top:0px;margin-bottom:0px;\"><div class=\"fusion-column-wrapper\" style=\"padding:0px 120px;\"><h3>Behandlungszeiten<\/h3>\n<p>Termine f\u00fcr Behandlungen finden nur nach vorheriger Vereinbarung statt:<br \/>\nmontags und dienstags 8-14 Uhr, mittwochs, donnerstags und freitags 8-18 Uhr<\/p>\n<p>Praxisr\u00e4ume: Hauptmarkt 23, 57076 Siegen<\/p>\n<h3>Terminvereinbarung<\/h3>\n<p>Nehmen Sie gerne telefonisch oder per Email <a href=\"www.praxis-krippendorf.de\/#kontakt\"><u>Kontakt<\/u><\/a> mit mir auf, wenn Sie einen Ersttermin oder Folgetermine f\u00fcr eine Sitzung bzw. Behandlung vereinbaren m\u00f6chten. Da ich w\u00e4hrend der Termine nicht pers\u00f6nlich erreichbar bin, hinterlassen Sie bitte Ihren Namen und eine Telefonnummer oder Email-Adresse, damit ich mich bei Ihnen zur\u00fcckmelden kann.<\/p>\n<p>Telefon: 0157 572 59882\u00a0\u00a0\u00a0\u00a0\u00a0\u00a0\u00a0\u00a0 Email: praxiskrippendorf@gmx.de<\/p>\n<h3>Behandlungsablauf<\/h3>\n<p>Kommen Sie erstmalig zu einem Termin, so vereinbaren wir diesen kostenpflichtigen Ersttermin f\u00fcr 30 Minuten. Wir besprechen Ihr Anliegen, lernen uns kennen und besprechen den weiteren Verlauf. Die Dauer und H\u00e4ufigkeit Ihrer Behandlungen ergeben sich somit nach Ihrem Anliegen.<\/p>\n<p>Erfahrungsgem\u00e4\u00df betr\u00e4gt die Dauer einer jeden Behandlung\/Sitzung etwa 50 Minuten.<\/p>\n<p>Die ersten 3-6 Behandlungen haben i.d.R. einen w\u00f6chentlichen Abstand. Danach finden die Termine zweiw\u00f6chentlich oder in gr\u00f6\u00dferen Abst\u00e4nden statt, der Verlauf richtet sich jedoch individuell nach Ihren Bed\u00fcrfnissen und nach therapeutischer Einsch\u00e4tzung.<\/p>\n<p>Einmalige Termine zur Fr\u00fcherkennug oder Beratung sind auch m\u00f6glich, zum Beispiel f\u00fcr S\u00e4uglinge und M\u00fctter nach der Geburt.<\/p>\n<p>Die Sitzungen werden vorrangig als Pr\u00e4senztermine in der Praxis angeboten. Telefonisch oder online \u00fcber Zoom sind Gespr\u00e4chstermine m\u00f6glich. Wenn Sie einen vereinbarten Termin vor Ort kurzfristig nicht wahrnehmen k\u00f6nnen, haben Sie die M\u00f6glichkeit, Ihren Termin \u00fcber Telefon oder Zoom zu nutzen.<\/p>\n<h3>Kosten und Erstattungen durch die Krankenkasse<\/h3>\n<table style=\"height: 152px;\" width=\"505\">\n<thead>\n<tr>\n<td><strong>Termindauer (Gespr\u00e4ch, Beratung, Behandlung)<br \/>\n<\/strong><\/td>\n<td><strong>Kosten<\/strong><\/td>\n<\/tr>\n<\/thead>\n<tbody>\n<tr>\n<td>Ersttermin 30 Minuten<\/td>\n<td>55 Euro<\/td>\n<\/tr>\n<tr>\n<td>50 Minuten<\/td>\n<td>110 Euro<\/td>\n<\/tr>\n<tr>\n<td>mit Begleitperson\/ Paartherapie<\/td>\n<td>110 Euro + 55 Euro 2. Person<\/td>\n<\/tr>\n<tr>\n<td>Eltern, die ihr Kind zur Behandlung begleiten selbstverst\u00e4ndlich kostenfrei<\/td>\n<td><\/td>\n<\/tr>\n<\/tbody>\n<\/table>\n<p>&nbsp;<\/p>\n<p>Einmalige Akupunktursitzung Geburtsvorbereitung 35 Euro<\/p>\n<p>F\u00fcr Paartermine werden die Kosten nach oben beschriebener Zeit berechnet und zus\u00e4tzlichem\u00a0 Partneranteil von 50 % der Kosten. Zum Beispiel f\u00fcr 50 Minuten 110 Euro f\u00fcr eine Person und 55 Euro f\u00fcr die zweite Person, so ergeben sich 165 Euro Gesamtkosten f\u00fcr 50 Minuten Paartherapie.<\/p>\n<p>Die Bezahlung der Termine erfolgt ausnahmslos nach Rechnungserhalt per \u00dcberweisung, die Rechnung ist sofort f\u00e4llig und bis sp\u00e4testens 14 Tage nach Rechnungserhalt zu begleichen.<\/p>\n<p>K\u00f6nnen Sie einen vereinbarten Termin nicht einhalten, so stornieren sie diesen bitte telefonisch und hinterlassen eine Nachricht auf der Mailbox. Sobald ich Ihre Terminabsage best\u00e4tige, gilt Ihr Termin als storniert. Beachten Sie hierzu die f\u00fcr Sie anfallenden Kosten bei einer Stornierung ab 48 Stunden vor Terminbeginn. Es gelten die Regelungen im <a href=\"https:\/\/praxis-krippendorf.de\/wp-content\/uploads\/2026\/02\/Behandlungsvertrag_Februar-2026.pdf\" target=\"_blank\" rel=\"noopener\"><u>Behandlungsvertrag<\/u><\/a>.<\/p>\n<p>Die Behandlungskosten werden von den gesetzlichen Kassen i.d.R. nicht \u00fcbernommen und m\u00fcssen von Ihnen privat bezahlt werden. Die Privaten Krankenkassen, die Beihilfen und die Zusatzversicherungen f\u00fcr Heilpraktikerbehandlungen erstatten die Kosten nicht immer in vollem Umfang. Leider beziehen sie sich noch auf eine veraltete Geb\u00fchrenordnung f\u00fcr Heilpraktiker. Meine Abrechnung orientiert sich an der Geb\u00fchrenordnung f\u00fcr Heilpraktiker, kann jedoch den Erstattungsrahmen \u00fcbersteigen. Als Privat- und Heilpraktikerzusatzversicherte haben Sie die M\u00f6glichkeit, Ihre im Anschluss an eine Behandlung von mir ausgestellte Rechnung bei Ihrer Kasse einzureichen und Kosten erstattet zu bekommen.<\/p>\n<h3>Behandlungsvertrag<\/h3>\n<p>Bei Ihrem Ersttermin erhalten Sie von mir einen Behandlungsvertrag. Bei der Vereinbarung des Ersttermins lasse ich Ihnen den Behandlungsvertrag bereits zur Einsicht und Kenntnis zukommen, somit gelten die Regelungen bereits f\u00fcr Ihren Ersttermin auch ohne Ihre Unterschrift. Das zur Verf\u00fcgungstellen des Vertrages zur Einsicht reicht f\u00fcr die Verbindlichkeit des Ersttermins aus.<br \/>\nDen Behandlungsvertrag k\u00f6nnen Sie bereits <a href=\"https:\/\/praxis-krippendorf.de\/wp-content\/uploads\/2026\/02\/Behandlungsvertrag_Februar-2026.pdf\" target=\"_blank\" rel=\"noopener\"><u>hier als PDF-Datei einsehen<\/u><\/a>.<\/p>\n<div class=\"fusion-clearfix\"><\/div><\/div><\/div><div class=\"fusion-clearfix\"><\/div><\/div><\/div>\n","protected":false},"excerpt":{"rendered":"","protected":false},"author":1,"featured_media":0,"parent":0,"menu_order":0,"comment_status":"closed","ping_status":"closed","template":"100-width.php","meta":[],"_links":{"self":[{"href":"https:\/\/praxis-krippendorf.de\/index.php?rest_route=\/wp\/v2\/pages\/12455"}],"collection":[{"href":"https:\/\/praxis-krippendorf.de\/index.php?rest_route=\/wp\/v2\/pages"}],"about":[{"href":"https:\/\/praxis-krippendorf.de\/index.php?rest_route=\/wp\/v2\/types\/page"}],"author":[{"embeddable":true,"href":"https:\/\/praxis-krippendorf.de\/index.php?rest_route=\/wp\/v2\/users\/1"}],"replies":[{"embeddable":true,"href":"https:\/\/praxis-krippendorf.de\/index.php?rest_route=%2Fwp%2Fv2%2Fcomments&post=12455"}],"version-history":[{"count":51,"href":"https:\/\/praxis-krippendorf.de\/index.php?rest_route=\/wp\/v2\/pages\/12455\/revisions"}],"predecessor-version":[{"id":13514,"href":"https:\/\/praxis-krippendorf.de\/index.php?rest_route=\/wp\/v2\/pages\/12455\/revisions\/13514"}],"wp:attachment":[{"href":"https:\/\/praxis-krippendorf.de\/index.php?rest_route=%2Fwp%2Fv2%2Fmedia&parent=12455"}],"curies":[{"name":"wp","href":"https:\/\/api.w.org\/{rel}","templated":true}]}}