{"id":12453,"date":"2019-01-08T21:35:40","date_gmt":"2019-01-08T21:35:40","guid":{"rendered":"http:\/\/praxis-krippendorf.de\/?page_id=12453"},"modified":"2026-04-21T07:48:34","modified_gmt":"2026-04-21T07:48:34","slug":"zur-person-arbeitsweise","status":"publish","type":"page","link":"https:\/\/praxis-krippendorf.de\/?page_id=12453","title":{"rendered":"Zur Person \/ Arbeitsweise"},"content":{"rendered":"<div class=\"fusion-fullwidth fullwidth-box fusion-fullwidth-1  fusion-parallax-none hundred-percent-fullwidth\" style=\"border-color:#eae9e9;border-bottom-width: 0px;border-top-width: 0px;border-bottom-style: solid;border-top-style: solid;padding-bottom:0px;padding-top:180px;padding-left:px;padding-right:0px;background-position:center bottom;background-repeat:no-repeat;-webkit-background-size:cover;-moz-background-size:cover;-o-background-size:cover;background-size:cover;-ms-filter: &quot;progid:DXImageTransform.Microsoft.AlphaImageLoader(src=&#039;https:\/\/praxis-krippendorf.de\/wp-content\/uploads\/2019\/01\/AdobeStock_116313159-h\u00e4nde-meer-2-1024x567.jpeg&#039;, sizingMethod=&#039;scale&#039;)&quot;;background-image: url(https:\/\/praxis-krippendorf.de\/wp-content\/uploads\/2019\/01\/AdobeStock_116313159-h\u00e4nde-meer-2-1024x567.jpeg);\"><style type=\"text\/css\" scoped=\"scoped\">.fusion-fullwidth-1 {\n                            padding-left: px !important;\n                            padding-right: 0px !important;\n                        }<\/style><div class=\"fusion-row\"><div class=\"fusion-one-full fusion-layout-column fusion-column-last fusion-spacing-no\" style=\"margin-top:0px;margin-bottom:0px;\"><div class=\"fusion-column-wrapper\"><div style=\"background: #dbdbdb; padding: 10px 120px; opacity: 0.75;\">\n<h2>Zur Person \/ Arbeitsweise<\/h2>\n<\/div>\n<div class=\"fusion-clearfix\"><\/div><\/div><\/div><div class=\"fusion-clearfix\"><\/div><\/div><\/div><div class=\"fusion-fullwidth fullwidth-box fusion-fullwidth-2  fusion-parallax-none hundred-percent-fullwidth\" style=\"border-color:#eae9e9;border-bottom-width: 0px;border-top-width: 0px;border-bottom-style: solid;border-top-style: solid;padding-bottom:0px;padding-top:3px;padding-left:0px;padding-right:0px;background-color:#3ec6cb;\"><style type=\"text\/css\" scoped=\"scoped\">.fusion-fullwidth-2 {\n                            padding-left: 0px !important;\n                            padding-right: 0px !important;\n                        }<\/style><div class=\"fusion-row\"><\/div><\/div><div class=\"fusion-fullwidth fullwidth-box fusion-fullwidth-3  fusion-parallax-none nonhundred-percent-fullwidth\" style=\"border-color:#eae9e9;border-bottom-width: 0px;border-top-width: 0px;border-bottom-style: solid;border-top-style: solid;padding-bottom:60px;padding-top:60px;padding-left:120px;padding-right:0px;\"><style type=\"text\/css\" scoped=\"scoped\">.fusion-fullwidth-3 {\n                            padding-left: 120px !important;\n                            padding-right: 0px !important;\n                        }<\/style><div class=\"fusion-row\"><div class=\"fusion-one-half fusion-layout-column fusion-spacing-yes\" style=\"margin-top:0px;margin-bottom:0px;\"><div class=\"fusion-column-wrapper\" style=\"border:0px solid #f7f7f7;\"><h3>Methoden<\/h3>\n<p>Vielseitige Aus- und Weiterbildungen pr\u00e4gen meine Arbeitsweise. Ich begleite alle Menschen, vom S\u00e4ugling bis zum Erwachsenen. In der Arbeit mit Kindern beziehe ich ihre Bezugspersonen (Eltern) f\u00fcr einen gelingenden Therapieverlauf mit ein. In der Basis beinhalten die Sitzungen sowohl Gespr\u00e4che als auch K\u00f6rperarbeit (mit und ohne Ber\u00fchrung, im Sitzen und im Liegen, als Anleitung im Rahmen therapeutischer Bewegungs\u00fcbungen).\u00a0 Grundlegende Methoden sind die Craniosacrale Biodynamik (Osteopathie), Traumaarbeit (Somatic Experiencing\u00ae und NARM\u00ae) und Bindungsdynamiken. Erg\u00e4nzt werden diese ggf. durch unterschiedliche naturheilkundliche Verfahren wie z.B. Akupunktur, Hom\u00f6opathie.<\/p>\n<h3>Was mir f\u00fcr meine Arbeit besonders am Herzen liegt<\/h3>\n<p>Auf einer sicheren und vertrauensvollen Basis m\u00f6chte ich in meiner Arbeit einen Raum schaffen, in dem Ver\u00e4nderung geschehen kann, hin zu mehr Gesundheit. Es ist mir ein Anliegen, meine Klientinnen in ihrer Selbstwirksamkeit zu best\u00e4rken. M\u00fctter und Eltern lade ich dazu ein, ihre Beziehungen zu ihren Kindern bewusster und intensiver zu erleben. Ich begleite sowohl w\u00e4hrend herausfordernden und schwierigen Zeiten, als auch nach \u00fcberw\u00e4ltigenden Erlebnissen, die bereits l\u00e4nger zur\u00fcck liegen. Dabei biete ich gleicherma\u00dfen Unterst\u00fctzung bei k\u00f6rperlichen Beschwerden und psychisch belastenden oder schwierigen Zust\u00e4nden an.<\/p>\n<span class=\"fusion-imageframe imageframe-none imageframe-1 hover-type-none\">\n<p><img decoding=\"async\" loading=\"lazy\" class=\"img-responsive aligncenter wp-image-13314\" src=\"https:\/\/praxis-krippendorf.de\/wp-content\/uploads\/2023\/10\/Portrait-Ilka-829x1024.jpg\" alt=\"\" width=\"411\" height=\"507\" srcset=\"https:\/\/praxis-krippendorf.de\/wp-content\/uploads\/2023\/10\/Portrait-Ilka-829x1024.jpg 829w, https:\/\/praxis-krippendorf.de\/wp-content\/uploads\/2023\/10\/Portrait-Ilka-243x300.jpg 243w, https:\/\/praxis-krippendorf.de\/wp-content\/uploads\/2023\/10\/Portrait-Ilka-768x949.jpg 768w, https:\/\/praxis-krippendorf.de\/wp-content\/uploads\/2023\/10\/Portrait-Ilka-640x791.jpg 640w, https:\/\/praxis-krippendorf.de\/wp-content\/uploads\/2023\/10\/Portrait-Ilka-1243x1536.jpg 1243w, https:\/\/praxis-krippendorf.de\/wp-content\/uploads\/2023\/10\/Portrait-Ilka.jpg 1484w\" sizes=\"(max-width: 411px) 100vw, 411px\" \/><\/p>\n<\/span><div class=\"fusion-clearfix\"><\/div><\/div><\/div><div class=\"fusion-one-half fusion-layout-column fusion-column-last fusion-spacing-yes\" style=\"margin-top:0px;margin-bottom:0px;\"><div class=\"fusion-column-wrapper\" style=\"border-left:1px solid #f4f4f4;padding:0px 40px;\"><h3>Meine wichtigsten Ausbildungen<\/h3>\n<ul>\n<li>Abitur 2004<\/li>\n<li>Staatlich anerkannte Gesundheits- und Krankenpflegerin 2007<\/li>\n<li>Heilpraktikerin 2010<\/li>\n<li>2011 Traditionelle Chinessiche Medizin, Akupunktur und Moxibustion<\/li>\n<li>2011 Systemische Aufstellungsarbeit<\/li>\n<li>2014 Craniosacrale Biodynamik\u00ae (Osteopathie)<\/li>\n<li>2015 K\u00f6rpertherapeutische Traumal\u00f6sung<\/li>\n<li>2022 Zertifizierte Yogalehrerin 500h+ (Anusara\u00ae)<\/li>\n<li>2023 Somatic Experiencing\u00ae Practitioner nach Dr. Peter Levine<\/li>\n<li>2024 NARM\u00ae Practitioner nach Dr. Laurence Heller<\/li>\n<li>2025 NARM\u00ae Masterclass bei Dr. Laurence Heller<\/li>\n<\/ul>\n<p>Diverse Weiterbildungen:<\/p>\n<ul>\n<li>Eigenbluttherapie, Gabe von Mirkon\u00e4hrstoffen \u00fcber Injektion und Infusion<\/li>\n<li>Shonishin (Kinderakupunktur)<\/li>\n<li>Baby-Shiatsu<\/li>\n<li>Schwangerenmassage<\/li>\n<li>Vertiefung in der Craniosacralen Biodynamik: Viszerale Osteopathie, Craniosacraltherapie bei Babys und Kindern<\/li>\n<li>Pr\u00e4nataltherapie bei Erwachsenen<\/li>\n<li>Traumaarbeit bei Babys und Kindern<\/li>\n<li>Arbeit mit Bindungsdynamiken<\/li>\n<li>Arbeit bei Krisen rund um die Geburt (Depressionen, Trauma)<\/li>\n<li>Vertiefung im Yoga: Yoga pr\u00e4- und postnatal, Yogatherapie, Privatyoga, Traumasensibles Yoga<\/li>\n<\/ul>\n<p>Mitglied in Verb\u00e4nden:<\/p>\n<ul>\n<li>Verband Unabh\u00e4ngiger Heilpraktiker e.V.<\/li>\n<li>Somatic Experiencing\u00ae Deutschland e.V.<\/li>\n<\/ul>\n<h3><\/h3>\n<h3>Zus\u00e4tzlich durfte ich Erfahrungen sammeln als&#8230;<\/h3>\n<p>&#8230; Heilpraktikerin seit 2011<br \/>\n&#8230; Kursleiterin von geburtsvor- und -nachbereitenden Kursen mit Yoga seit 2012<br \/>\n&#8230; Kursleiterin f\u00fcr &#8222;Hypnobirthing\u00ae&#8220;- Kurse<br \/>\n&#8230; Geburtsbegleiterin (2013 bis 2016)<br \/>\n&#8230; Mutter von drei Kindern (*2008, *2011, *2018), Klinikgeburt und Hausgeburten<\/p>\n<p>Es ist mir pers\u00f6nlich und beruflich ein Anliegen, mich stetig weiter zu entwickeln. Meine Neugier auf das Wunderwerk Mensch ist gro\u00df, mich faszinieren all die Verbindungen und vor allem die Erfahrungen, allm\u00e4hlich tiefer sowohl in mich selbst, als auch in meine Arbeit einzutauchen. Fortw\u00e4hrende Weiterbildungen, Austausch und Supervisionen mit meinen Lehrern sind f\u00fcr mich f\u00fcr eine professionelle Arbeitsweise unabdingbar.<\/p>\n<div class=\"fusion-clearfix\"><\/div><\/div><\/div><div class=\"fusion-clearfix\"><\/div><\/div><\/div>\n","protected":false},"excerpt":{"rendered":"","protected":false},"author":1,"featured_media":0,"parent":0,"menu_order":0,"comment_status":"closed","ping_status":"closed","template":"100-width.php","meta":[],"_links":{"self":[{"href":"https:\/\/praxis-krippendorf.de\/index.php?rest_route=\/wp\/v2\/pages\/12453"}],"collection":[{"href":"https:\/\/praxis-krippendorf.de\/index.php?rest_route=\/wp\/v2\/pages"}],"about":[{"href":"https:\/\/praxis-krippendorf.de\/index.php?rest_route=\/wp\/v2\/types\/page"}],"author":[{"embeddable":true,"href":"https:\/\/praxis-krippendorf.de\/index.php?rest_route=\/wp\/v2\/users\/1"}],"replies":[{"embeddable":true,"href":"https:\/\/praxis-krippendorf.de\/index.php?rest_route=%2Fwp%2Fv2%2Fcomments&post=12453"}],"version-history":[{"count":38,"href":"https:\/\/praxis-krippendorf.de\/index.php?rest_route=\/wp\/v2\/pages\/12453\/revisions"}],"predecessor-version":[{"id":13521,"href":"https:\/\/praxis-krippendorf.de\/index.php?rest_route=\/wp\/v2\/pages\/12453\/revisions\/13521"}],"wp:attachment":[{"href":"https:\/\/praxis-krippendorf.de\/index.php?rest_route=%2Fwp%2Fv2%2Fmedia&parent=12453"}],"curies":[{"name":"wp","href":"https:\/\/api.w.org\/{rel}","templated":true}]}}

<div class="fusion-fullwidth fullwidth-box fusion-fullwidth-1  fusion-parallax-none hundred-percent-fullwidth" style="border-color:#eae9e9;border-bottom-width: 0px;border-top-width: 0px;border-bottom-style: solid;border-top-style: solid;padding-bottom:0px;padding-top:180px;padding-left:px;padding-right:0px;background-position:center bottom;background-repeat:no-repeat;-webkit-background-size:cover;-moz-background-size:cover;-o-background-size:cover;background-size:cover;-ms-filter: &quot;progid:DXImageTransform.Microsoft.AlphaImageLoader(src=&#039;https://praxis-krippendorf.de/wp-content/uploads/2019/01/AdobeStock_116313159-hände-meer-2-1024x567.jpeg&#039;, sizingMethod=&#039;scale&#039;)&quot;;background-image: url(https://praxis-krippendorf.de/wp-content/uploads/2019/01/AdobeStock_116313159-hände-meer-2-1024x567.jpeg);"><style type="text/css" scoped="scoped">.fusion-fullwidth-1 {
                            padding-left: px !important;
                            padding-right: 0px !important;
                        }</style><div class="fusion-row"><div class="fusion-one-full fusion-layout-column fusion-column-last fusion-spacing-no" style="margin-top:0px;margin-bottom:0px;"><div class="fusion-column-wrapper"><div style="background: #dbdbdb; padding: 10px 120px; opacity: 0.75;">
<h2>Zur Person / Arbeitsweise</h2>
</div>
<div class="fusion-clearfix"></div></div></div><div class="fusion-clearfix"></div></div></div><div class="fusion-fullwidth fullwidth-box fusion-fullwidth-2  fusion-parallax-none hundred-percent-fullwidth" style="border-color:#eae9e9;border-bottom-width: 0px;border-top-width: 0px;border-bottom-style: solid;border-top-style: solid;padding-bottom:0px;padding-top:3px;padding-left:0px;padding-right:0px;background-color:#3ec6cb;"><style type="text/css" scoped="scoped">.fusion-fullwidth-2 {
                            padding-left: 0px !important;
                            padding-right: 0px !important;
                        }</style><div class="fusion-row"></div></div><div class="fusion-fullwidth fullwidth-box fusion-fullwidth-3  fusion-parallax-none nonhundred-percent-fullwidth" style="border-color:#eae9e9;border-bottom-width: 0px;border-top-width: 0px;border-bottom-style: solid;border-top-style: solid;padding-bottom:60px;padding-top:60px;padding-left:120px;padding-right:0px;"><style type="text/css" scoped="scoped">.fusion-fullwidth-3 {
                            padding-left: 120px !important;
                            padding-right: 0px !important;
                        }</style><div class="fusion-row"><div class="fusion-one-half fusion-layout-column fusion-spacing-yes" style="margin-top:0px;margin-bottom:0px;"><div class="fusion-column-wrapper" style="border:0px solid #f7f7f7;"><h3>Methoden</h3>
<p>Vielseitige Aus- und Weiterbildungen prägen meine Arbeitsweise. Ich begleite alle Menschen, vom Säugling bis zum Erwachsenen. In der Arbeit mit Kindern beziehe ich ihre Bezugspersonen (Eltern) für einen gelingenden Therapieverlauf mit ein. In der Basis beinhalten die Sitzungen sowohl Gespräche als auch Körperarbeit (mit und ohne Berührung, im Sitzen und im Liegen, als Anleitung im Rahmen therapeutischer Bewegungsübungen).  Grundlegende Methoden sind die Craniosacrale Biodynamik (Osteopathie), Traumaarbeit (Somatic Experiencing® und NARM®) und Bindungsdynamiken. Ergänzt werden diese ggf. durch unterschiedliche naturheilkundliche Verfahren wie z.B. Akupunktur, Homöopathie.</p>
<h3>Was mir für meine Arbeit besonders am Herzen liegt</h3>
<p>Auf einer sicheren und vertrauensvollen Basis möchte ich in meiner Arbeit einen Raum schaffen, in dem Veränderung geschehen kann, hin zu mehr Gesundheit. Es ist mir ein Anliegen, meine Klientinnen in ihrer Selbstwirksamkeit zu bestärken. Mütter und Eltern lade ich dazu ein, ihre Beziehungen zu ihren Kindern bewusster und intensiver zu erleben. Ich begleite sowohl während herausfordernden und schwierigen Zeiten, als auch nach überwältigenden Erlebnissen, die bereits länger zurück liegen. Dabei biete ich gleichermaßen Unterstützung bei körperlichen Beschwerden und psychisch belastenden oder schwierigen Zuständen an.</p>
<span class="fusion-imageframe imageframe-none imageframe-1 hover-type-none">
<p><img decoding="async" loading="lazy" class="img-responsive aligncenter wp-image-13314" src="https://praxis-krippendorf.de/wp-content/uploads/2023/10/Portrait-Ilka-829x1024.jpg" alt="" width="411" height="507" srcset="https://praxis-krippendorf.de/wp-content/uploads/2023/10/Portrait-Ilka-829x1024.jpg 829w, https://praxis-krippendorf.de/wp-content/uploads/2023/10/Portrait-Ilka-243x300.jpg 243w, https://praxis-krippendorf.de/wp-content/uploads/2023/10/Portrait-Ilka-768x949.jpg 768w, https://praxis-krippendorf.de/wp-content/uploads/2023/10/Portrait-Ilka-640x791.jpg 640w, https://praxis-krippendorf.de/wp-content/uploads/2023/10/Portrait-Ilka-1243x1536.jpg 1243w, https://praxis-krippendorf.de/wp-content/uploads/2023/10/Portrait-Ilka.jpg 1484w" sizes="(max-width: 411px) 100vw, 411px" /></p>
</span><div class="fusion-clearfix"></div></div></div><div class="fusion-one-half fusion-layout-column fusion-column-last fusion-spacing-yes" style="margin-top:0px;margin-bottom:0px;"><div class="fusion-column-wrapper" style="border-left:1px solid #f4f4f4;padding:0px 40px;"><h3>Meine wichtigsten Ausbildungen</h3>
<ul>
<li>Abitur 2004</li>
<li>Staatlich anerkannte Gesundheits- und Krankenpflegerin 2007</li>
<li>Heilpraktikerin 2010</li>
<li>2011 Traditionelle Chinessiche Medizin, Akupunktur und Moxibustion</li>
<li>2011 Systemische Aufstellungsarbeit</li>
<li>2014 Craniosacrale Biodynamik® (Osteopathie)</li>
<li>2015 Körpertherapeutische Traumalösung</li>
<li>2022 Zertifizierte Yogalehrerin 500h+ (Anusara®)</li>
<li>2023 Somatic Experiencing® Practitioner nach Dr. Peter Levine</li>
<li>2024 NARM® Practitioner nach Dr. Laurence Heller</li>
<li>2025 NARM® Masterclass bei Dr. Laurence Heller</li>
</ul>
<p>Diverse Weiterbildungen:</p>
<ul>
<li>Eigenbluttherapie, Gabe von Mirkonährstoffen über Injektion und Infusion</li>
<li>Shonishin (Kinderakupunktur)</li>
<li>Baby-Shiatsu</li>
<li>Schwangerenmassage</li>
<li>Vertiefung in der Craniosacralen Biodynamik: Viszerale Osteopathie, Craniosacraltherapie bei Babys und Kindern</li>
<li>Pränataltherapie bei Erwachsenen</li>
<li>Traumaarbeit bei Babys und Kindern</li>
<li>Arbeit mit Bindungsdynamiken</li>
<li>Arbeit bei Krisen rund um die Geburt (Depressionen, Trauma)</li>
<li>Vertiefung im Yoga: Yoga prä- und postnatal, Yogatherapie, Privatyoga, Traumasensibles Yoga</li>
</ul>
<p>Mitglied in Verbänden:</p>
<ul>
<li>Verband Unabhängiger Heilpraktiker e.V.</li>
<li>Somatic Experiencing® Deutschland e.V.</li>
</ul>
<h3></h3>
<h3>Zusätzlich durfte ich Erfahrungen sammeln als&#8230;</h3>
<p>&#8230; Heilpraktikerin seit 2011<br />
&#8230; Kursleiterin von geburtsvor- und -nachbereitenden Kursen mit Yoga seit 2012<br />
&#8230; Kursleiterin für &#8222;Hypnobirthing®&#8220;- Kurse<br />
&#8230; Geburtsbegleiterin (2013 bis 2016)<br />
&#8230; Mutter von drei Kindern (*2008, *2011, *2018), Klinikgeburt und Hausgeburten</p>
<p>Es ist mir persönlich und beruflich ein Anliegen, mich stetig weiter zu entwickeln. Meine Neugier auf das Wunderwerk Mensch ist groß, mich faszinieren all die Verbindungen und vor allem die Erfahrungen, allmählich tiefer sowohl in mich selbst, als auch in meine Arbeit einzutauchen. Fortwährende Weiterbildungen, Austausch und Supervisionen mit meinen Lehrern sind für mich für eine professionelle Arbeitsweise unabdingbar.</p>
<div class="fusion-clearfix"></div></div></div><div class="fusion-clearfix"></div></div></div>
